{"id":887,"date":"2022-02-02T06:59:35","date_gmt":"2022-02-02T06:59:35","guid":{"rendered":"http:\/\/medgtechnik.com\/about\/"},"modified":"2025-10-13T13:52:46","modified_gmt":"2025-10-13T13:52:46","slug":"ueber-uns","status":"publish","type":"page","link":"https:\/\/medgtechnik.com\/deu\/ueber-uns\/","title":{"rendered":"\u00dcber Uns"},"content":{"rendered":"\n<div class=\"wp-block-uagb-container background-pattern uagb-block-5dc2645e alignfull uagb-is-root-container\"><div class=\"uagb-container-inner-blocks-wrap\">\n<div class=\"wp-block-uagb-advanced-heading uagb-block-80e096c9\"><h1 class=\"uagb-heading-text\">\u00dcber Uns<\/h1><\/div>\n\n\n\n<div class=\"wp-block-media-text has-media-on-the-right is-stacked-on-mobile\" style=\"grid-template-columns:auto 20%\"><div class=\"wp-block-media-text__content\">\n<h2 class=\"wp-block-heading has-ast-global-color-0-color has-text-color has-link-color wp-elements-c7f700546c701d0f66ec42dc3b6f5c01\">Filippo Giaimo (CEO)<\/h2>\n<\/div><figure class=\"wp-block-media-text__media\"><img loading=\"lazy\" decoding=\"async\" width=\"400\" height=\"400\" src=\"https:\/\/medgtechnik.com\/deu\/wp-content\/uploads\/sites\/5\/2025\/10\/filippo-Kopie.png\" alt=\"\" class=\"wp-image-2188 size-full\" srcset=\"https:\/\/medgtechnik.com\/deu\/wp-content\/uploads\/sites\/5\/2025\/10\/filippo-Kopie.png 400w, https:\/\/medgtechnik.com\/deu\/wp-content\/uploads\/sites\/5\/2025\/10\/filippo-Kopie-300x300.png 300w, https:\/\/medgtechnik.com\/deu\/wp-content\/uploads\/sites\/5\/2025\/10\/filippo-Kopie-150x150.png 150w\" sizes=\"auto, (max-width: 400px) 100vw, 400px\" \/><\/figure><\/div>\n\n\n\n<div class=\"wp-block-group alignwide is-nowrap is-layout-flex wp-container-core-group-is-layout-6c531013 wp-block-group-is-layout-flex\">\n<p class=\"has-text-align-left\">Nach nur wenigen Monaten nach meinem Abschluss als Elektronik- und Telekommunikationstechniker begann ich im September <strong><em>1988<\/em><\/strong> als Techniker bei einem Radio-TV-Reparaturunternehmen und montierte terrestrische und Satellitenantennen. <strong><em>1991<\/em><\/strong> gr\u00fcndete ich mein erstes Radio-TV-Reparaturgesch\u00e4ft, stellte jedoch nach einigen Jahren fest, dass der Sektor aufgrund der zunehmenden chinesischen Konkurrenz bereits ges\u00e4ttigt war. Ich suchte nach neuen M\u00f6glichkeiten oder Ideen, um mich nicht passiv an diese r\u00fcckl\u00e4ufige Realit\u00e4t anzupassen. Meine Gelegenheit kam <strong><em>1996<\/em><\/strong>, als ich eine v\u00f6llig neue, aber interessante T\u00e4tigkeit begann, nicht mehr als Radio-TV-Reparaturtechniker, sondern als Elektromedizintechniker. Es war der Beginn der klinischen Technik. Ich begann sofort mit der Inventarisierung der elektromedizinischen Ger\u00e4te, und dies war die Gelegenheit, alle Ger\u00e4tetypen kennenzulernen, wodurch meine Begeisterung und \u00dcberzeugung f\u00fcr die getroffene Wahl wuchs. Von Anfang an war mein Ziel, die verschiedenen Ger\u00e4tetypen, ihre Unterschiede, ihre Funktionsweise und ihre Anwendungen zu kennen und zu lernen. Schon in den ersten Jahren mit elektromedizinischen Ger\u00e4ten wuchs mein Interesse am Sektor der Beatmungs- und An\u00e4sthesieger\u00e4te, einem sehr sensiblen, riskanten, aber zugleich anregenden Bereich. Meine Zusammenarbeit begann zun\u00e4chst mit einem Unternehmen, das im Bereich der Laparoskopie und Lichtquellen t\u00e4tig war, also in engem Kontakt mit Operationss\u00e4len. Der Wendepunkt kam <strong><em>2001<\/em><\/strong>, als ich begann, mit einer Dr\u00e4ger-Agentur in Italien zu arbeiten, die streng im Beatmungssektor t\u00e4tig war. So begannen auch die ersten Schulungskurse zur Beatmung, und dies dauerte bis <strong><em>2005 <\/em><\/strong>an, da ich nun als Beatmungstechniker bekannt war und bei einem Unternehmen eingestellt wurde, mit dem wir das Spezialbeatmungszentrum gr\u00fcndeten, das innerhalb des Unternehmens eine Schule f\u00fcr Schulungskurse f\u00fcr Techniker betrieb, wobei ich selbst als Tutor fungierte. Da ich immer im Sektor motiviert war und die M\u00f6glichkeit hatte, mich mit der deutschen Realit\u00e4t auseinanderzusetzen, entschied ich mich <strong><em>2014<\/em><\/strong> nach einer schmerzhaften, aber plausiblen Entscheidung, eine neue berufliche Realit\u00e4t anzunehmen und nach Deutschland zu ziehen, wo ich in einem gro\u00dfen Universit\u00e4tsklinikum als technischer Spezialist f\u00fcr Beatmung arbeitete. Dadurch hatte ich das Gl\u00fcck und die Gelegenheit, an Schulungskursen von Unternehmen wie L\u00f6wenstein Medical, Erbe, Weyer, Hamilton und GE teilzunehmen, um Schulungen und Vorbereitungen von den Muttergesellschaften zu erhalten. Ich entschied, dass es an der Zeit war, wie 1991, das Risiko einzugehen, ein elektromedizinisches Unternehmen zu gr\u00fcnden, so gr\u00fcndete ich zuerst <strong><em>2017 <\/em><\/strong>eine Firma namens Giaimo Medizintechniker, ein Unternehmen, das sich mit Reparaturen und Wartungen von An\u00e4sthesie- und Beatmungsger\u00e4ten befasst und bis heute aktiv ist. Im Dezember <strong><em>2023<\/em><\/strong> wurde die Gesellschaft Med G Technik gegr\u00fcndet, eine Gesellschaft, die aus allen beruflichen und technischen Kenntnissen entstanden ist, die in Jahrzehnten der Erfahrung im medizinischen Bereich erworben wurden, ein Unternehmen, das sowohl Korrektur- als auch Pr\u00e4ventivma\u00dfnahmen durchf\u00fchrt, Schulungskurse f\u00fcr technisches Personal anbietet, Beratungsdienste leistet und Logistik betreibt. Ein Unternehmen, das das Ziel hat, im Beatmungssektor, heute Critical Care genannt, auf h\u00f6chst professionelle Weise zu operieren und dabei vor allem die Qualit\u00e4t und Sicherheit der durchgef\u00fchrten Eingriffe in den Vordergrund zu stellen (der ber\u00fchmte Satz in den Arbeitsberichten \u201eArbeiten wurden fachgerecht ausgef\u00fchrt\u201c), was eine absolute Garantie f\u00fcr den Endpatienten darstellt. Seit mehreren Jahren arbeite ich nun mit multinationalen Unternehmen im Bereich des klinischen Ingenieurwesens zusammen, die in Italien und Europa t\u00e4tig sind. Mein Ziel ist es, sowohl einen Service f\u00fcr die Korrektur- als auch f\u00fcr die planm\u00e4\u00dfige Wartung auf h\u00f6chstem Niveau zu bieten und durch die von mir gehaltenen Schulungskurse motivierte Techniker auszubilden, die professionell darauf vorbereitet sind, auf jeder Ebene f\u00fcr die durchgef\u00fchrten Aktivit\u00e4ten zu arbeiten.<\/p>\n<\/div>\n<\/div><\/div>\n","protected":false},"excerpt":{"rendered":"<p>\u00dcber Uns Filippo Giaimo (CEO) Nach nur wenigen Monaten nach meinem Abschluss als Elektronik- und Telekommunikationstechniker begann ich im September [&hellip;]<\/p>\n","protected":false},"author":1,"featured_media":0,"parent":0,"menu_order":0,"comment_status":"closed","ping_status":"closed","template":"","meta":{"_uag_custom_page_level_css":"","site-sidebar-layout":"no-sidebar","site-content-layout":"plain-container","ast-site-content-layout":"normal-width-container","site-content-style":"unboxed","site-sidebar-style":"unboxed","ast-global-header-display":"","ast-banner-title-visibility":"","ast-main-header-display":"","ast-hfb-above-header-display":"","ast-hfb-below-header-display":"","ast-hfb-mobile-header-display":"","site-post-title":"disabled","ast-breadcrumbs-content":"","ast-featured-img":"disabled","footer-sml-layout":"","theme-transparent-header-meta":"enabled","adv-header-id-meta":"","stick-header-meta":"","header-above-stick-meta":"","header-main-stick-meta":"","header-below-stick-meta":"","astra-migrate-meta-layouts":"set","ast-page-background-enabled":"default","ast-page-background-meta":{"desktop":{"background-color":"var(--ast-global-color-4)","background-image":"","background-repeat":"repeat","background-position":"center center","background-size":"auto","background-attachment":"scroll","background-type":"","background-media":"","overlay-type":"","overlay-color":"","overlay-opacity":"","overlay-gradient":""},"tablet":{"background-color":"","background-image":"","background-repeat":"repeat","background-position":"center center","background-size":"auto","background-attachment":"scroll","background-type":"","background-media":"","overlay-type":"","overlay-color":"","overlay-opacity":"","overlay-gradient":""},"mobile":{"background-color":"","background-image":"","background-repeat":"repeat","background-position":"center center","background-size":"auto","background-attachment":"scroll","background-type":"","background-media":"","overlay-type":"","overlay-color":"","overlay-opacity":"","overlay-gradient":""}},"ast-content-background-meta":{"desktop":{"background-color":"var(--ast-global-color-5)","background-image":"","background-repeat":"repeat","background-position":"center center","background-size":"auto","background-attachment":"scroll","background-type":"","background-media":"","overlay-type":"","overlay-color":"","overlay-opacity":"","overlay-gradient":""},"tablet":{"background-color":"var(--ast-global-color-5)","background-image":"","background-repeat":"repeat","background-position":"center center","background-size":"auto","background-attachment":"scroll","background-type":"","background-media":"","overlay-type":"","overlay-color":"","overlay-opacity":"","overlay-gradient":""},"mobile":{"background-color":"var(--ast-global-color-5)","background-image":"","background-repeat":"repeat","background-position":"center center","background-size":"auto","background-attachment":"scroll","background-type":"","background-media":"","overlay-type":"","overlay-color":"","overlay-opacity":"","overlay-gradient":""}},"footnotes":""},"class_list":["post-887","page","type-page","status-publish","hentry"],"uagb_featured_image_src":{"full":false,"thumbnail":false,"medium":false,"medium_large":false,"large":false,"1536x1536":false,"2048x2048":false},"uagb_author_info":{"display_name":"admin","author_link":"https:\/\/medgtechnik.com\/deu\/author\/admin\/"},"uagb_comment_info":0,"uagb_excerpt":"\u00dcber Uns Filippo Giaimo (CEO) Nach nur wenigen Monaten nach meinem Abschluss als Elektronik- und Telekommunikationstechniker begann ich im September [&hellip;]","_links":{"self":[{"href":"https:\/\/medgtechnik.com\/deu\/wp-json\/wp\/v2\/pages\/887","targetHints":{"allow":["GET"]}}],"collection":[{"href":"https:\/\/medgtechnik.com\/deu\/wp-json\/wp\/v2\/pages"}],"about":[{"href":"https:\/\/medgtechnik.com\/deu\/wp-json\/wp\/v2\/types\/page"}],"author":[{"embeddable":true,"href":"https:\/\/medgtechnik.com\/deu\/wp-json\/wp\/v2\/users\/1"}],"replies":[{"embeddable":true,"href":"https:\/\/medgtechnik.com\/deu\/wp-json\/wp\/v2\/comments?post=887"}],"version-history":[{"count":4,"href":"https:\/\/medgtechnik.com\/deu\/wp-json\/wp\/v2\/pages\/887\/revisions"}],"predecessor-version":[{"id":2189,"href":"https:\/\/medgtechnik.com\/deu\/wp-json\/wp\/v2\/pages\/887\/revisions\/2189"}],"wp:attachment":[{"href":"https:\/\/medgtechnik.com\/deu\/wp-json\/wp\/v2\/media?parent=887"}],"curies":[{"name":"wp","href":"https:\/\/api.w.org\/{rel}","templated":true}]}}